{"id":5101,"date":"2025-03-12T16:04:10","date_gmt":"2025-03-12T16:04:10","guid":{"rendered":"https:\/\/durabilitas.ch\/spenden\/"},"modified":"2025-07-21T09:52:33","modified_gmt":"2025-07-21T09:52:33","slug":"faire-un-don","status":"publish","type":"page","link":"https:\/\/durabilitas.ch\/fr\/faire-un-don\/","title":{"rendered":"Faire un don"},"content":{"rendered":"\r\n<header id=\"header-block_185217181bc37f837bd6fbc9209ccd73\" class=\"page-header has-no-image has-spacing--default\">\r\n\r\n    \r\n    <div class=\"page-header__content has-no-image\">\r\n\r\n        <div class=\"page-header__inner\">\r\n\r\n            <div class=\"page-header__title\">\n\n<h1 class=\"wp-block-heading is-style--kicker\">Faire un don<\/h1>\n\n\n\n<h2 class=\"wp-block-heading\"><strong>Votre don pour une Suisse durable<\/strong><\/h2>\n\n\n\n<p class=\"page-header__text\">Engagez-vous avec nous pour l&rsquo;\u00e9conomie circulaire, la sant\u00e9 des sols et la transition juste en Suisse. Nous sommes une organisation \u00e0 but non lucratif autoris\u00e9e \u00e0 d\u00e9livrer des attestations de dons. Votre don est ainsi d\u00e9ductible de vos imp\u00f4ts.&nbsp;<\/p>\n\n<\/div>\r\n        <\/div>\r\n\r\n        \r\n        \r\n    <\/div><!-- .page-header__content -->\r\n\r\n\r\n    \r\n<\/header>\r\n\r\n\n\n\r\n<div id=\"donate-block_79ca667354b275cf25c3774ef9dd10f9\" class=\"donate-block\">\r\n    <iframe id=\"tamaro-iframe-pgmdj\" allow=\"payment\" src=https:\/\/donate.raisenow.io\/pgmdj?analytics.channel=embed style=\"width: 100%; max-width: 580px; background: white; border: none;\"><\/iframe>\r\n    <script>\r\n    window.addEventListener(\r\n        'message',\r\n        e => {\r\n        const iframe = document.getElementById('tamaro-iframe-pgmdj')\r\n        if (iframe && e.origin === 'https:\/\/donate.raisenow.io') {\r\n            iframe.style.height = e.data.height + 'px'\r\n        }\r\n        }\r\n    )\r\n    <\/script>\r\n<\/div>\n\n\r\n<div id=\"testimonial-slider-block_b0d2e7646c6ecb42116b3b29b4ba28e5\" class=\"testimonial-slider splide has-spacing--default\" role=\"group\" aria-label=\"Testimonial-Slider\">\r\n\r\n     \r\n        <h3 class=\"wp-block-heading is-style--kicker\">Ce que disent nos partenaires<\/h3>\r\n    \r\n    <div class=\"splide__navigation navi--top\">\r\n\r\n        <div class=\"splide__arrows\">\r\n\r\n            <button class=\"splide__arrow splide__arrow--prev image-slider__arrow splide__arrow--reverse\">\r\n                <img decoding=\"async\" src=\"https:\/\/durabilitas.ch\/wp-content\/themes\/durabilitas-theme\/assets\/img\/icons\/icon-arrow-left.svg\" alt=\"Previous Slide\">\r\n            <\/button>\r\n\r\n            <button class=\"splide__arrow splide__arrow--next image-slider__arrow splide__arrow--reverse\">\r\n                <img decoding=\"async\" src=\"https:\/\/durabilitas.ch\/wp-content\/themes\/durabilitas-theme\/assets\/img\/icons\/icon-arrow-left.svg\" alt=\"Next Slide\">\r\n            <\/button>\r\n        <\/div><!-- .splide__arrows -->\r\n\r\n    <\/div><!-- .splide__navigation -->  \r\n\r\n    <div class=\"splide__track\">\r\n        <div class=\"splide__list\">\r\n\r\n            \r\n                <div class=\"testimonial-slide splide__slide\">\r\n\r\n                    \r\n                        <figure class=\"testimonial-slide__image\">\r\n                            <img loading=\"lazy\" decoding=\"async\" width=\"430\" height=\"430\" src=\"https:\/\/durabilitas.ch\/wp-content\/uploads\/2025\/03\/C.Meier-Bild-430x430.jpg\" class=\"attachment-testimonial-slider-image size-testimonial-slider-image\" alt=\"\" srcset=\"https:\/\/durabilitas.ch\/wp-content\/uploads\/2025\/03\/C.Meier-Bild-430x430.jpg 430w, https:\/\/durabilitas.ch\/wp-content\/uploads\/2025\/03\/C.Meier-Bild-150x150.jpg 150w\" sizes=\"auto, (max-width: 430px) 100vw, 430px\" \/>                        <\/figure>\r\n\r\n                    \r\n                    <div class=\"testimonial-slide__content\">\r\n                        \r\n                        <blockquote>\r\n                            <p class=\"testimonial-slide__quote\">\r\n                                \u00ab Ce qui m\u2019a le plus impressionn\u00e9e, c\u2019est le professionnalisme dont l\u2019\u00e9quipe fait preuve en travaillant sur la base des standards scientifiques les plus exigeants, ouvrant ainsi la voie \u00e0 des progr\u00e8s vers plus de durabilit\u00e9. Merci beaucoup pour cette coop\u00e9ration orient\u00e9e vers l\u2019avenir ! \u00bb                            <\/p>\r\n                            <cite>Claudia Meier, Co-Creative Director Svizra27<\/cite>\r\n                        <\/blockquote>\r\n\r\n                    <\/div>\r\n\r\n                <\/div><!-- .testimonial-slide -->\r\n\r\n            \r\n        <\/div><!-- .splide__list -->\r\n    <\/div><!-- .splide__track -->\r\n\r\n  \r\n\r\n<\/div><!-- .testimonial-slider -->\r\n\r\n","protected":false},"excerpt":{"rendered":"","protected":false},"author":1,"featured_media":0,"parent":0,"menu_order":0,"comment_status":"closed","ping_status":"closed","template":"","meta":{"_acf_changed":false,"footnotes":""},"class_list":["post-5101","page","type-page","status-publish","hentry"],"acf":[],"yoast_head":"<!-- This site is optimized with the Yoast SEO plugin v27.3 - https:\/\/yoast.com\/product\/yoast-seo-wordpress\/ -->\n<title>Votre don pour une Suisse durable - Durabilitas<\/title>\n<meta name=\"description\" content=\"Engagez-vous avec nous pour l\u2019\u00e9conomie circulaire, la sant\u00e9 des sols et la transition juste en Suisse.\" \/>\n<meta name=\"robots\" content=\"index, follow, max-snippet:-1, max-image-preview:large, max-video-preview:-1\" \/>\n<link rel=\"canonical\" href=\"https:\/\/durabilitas.ch\/fr\/faire-un-don\/\" \/>\n<meta property=\"og:locale\" content=\"fr_FR\" \/>\n<meta property=\"og:type\" content=\"article\" \/>\n<meta property=\"og:title\" content=\"Votre don pour une Suisse durable - Durabilitas\" \/>\n<meta property=\"og:description\" content=\"Engagez-vous avec nous pour l\u2019\u00e9conomie circulaire, la sant\u00e9 des sols et la transition juste en Suisse.\" \/>\n<meta property=\"og:url\" content=\"https:\/\/durabilitas.ch\/fr\/faire-un-don\/\" \/>\n<meta property=\"og:site_name\" content=\"Durabilitas\" \/>\n<meta property=\"article:modified_time\" content=\"2025-07-21T09:52:33+00:00\" \/>\n<meta name=\"twitter:card\" content=\"summary_large_image\" \/>\n<script type=\"application\/ld+json\" class=\"yoast-schema-graph\">{\"@context\":\"https:\\\/\\\/schema.org\",\"@graph\":[{\"@type\":\"WebPage\",\"@id\":\"https:\\\/\\\/durabilitas.ch\\\/fr\\\/faire-un-don\\\/\",\"url\":\"https:\\\/\\\/durabilitas.ch\\\/fr\\\/faire-un-don\\\/\",\"name\":\"Votre don pour une Suisse durable - Durabilitas\",\"isPartOf\":{\"@id\":\"https:\\\/\\\/durabilitas.ch\\\/fr\\\/#website\"},\"datePublished\":\"2025-03-12T16:04:10+00:00\",\"dateModified\":\"2025-07-21T09:52:33+00:00\",\"description\":\"Engagez-vous avec nous pour l\u2019\u00e9conomie circulaire, la sant\u00e9 des sols et la transition juste en Suisse.\",\"breadcrumb\":{\"@id\":\"https:\\\/\\\/durabilitas.ch\\\/fr\\\/faire-un-don\\\/#breadcrumb\"},\"inLanguage\":\"fr-FR\",\"potentialAction\":[{\"@type\":\"ReadAction\",\"target\":[\"https:\\\/\\\/durabilitas.ch\\\/fr\\\/faire-un-don\\\/\"]}]},{\"@type\":\"BreadcrumbList\",\"@id\":\"https:\\\/\\\/durabilitas.ch\\\/fr\\\/faire-un-don\\\/#breadcrumb\",\"itemListElement\":[{\"@type\":\"ListItem\",\"position\":1,\"name\":\"Home\",\"item\":\"https:\\\/\\\/durabilitas.ch\\\/fr\\\/\"},{\"@type\":\"ListItem\",\"position\":2,\"name\":\"Faire un don\"}]},{\"@type\":\"WebSite\",\"@id\":\"https:\\\/\\\/durabilitas.ch\\\/fr\\\/#website\",\"url\":\"https:\\\/\\\/durabilitas.ch\\\/fr\\\/\",\"name\":\"Durabilitas\",\"description\":\"\",\"potentialAction\":[{\"@type\":\"SearchAction\",\"target\":{\"@type\":\"EntryPoint\",\"urlTemplate\":\"https:\\\/\\\/durabilitas.ch\\\/fr\\\/?s={search_term_string}\"},\"query-input\":{\"@type\":\"PropertyValueSpecification\",\"valueRequired\":true,\"valueName\":\"search_term_string\"}}],\"inLanguage\":\"fr-FR\"}]}<\/script>\n<!-- \/ Yoast SEO plugin. -->","yoast_head_json":{"title":"Votre don pour une Suisse durable - Durabilitas","description":"Engagez-vous avec nous pour l\u2019\u00e9conomie circulaire, la sant\u00e9 des sols et la transition juste en Suisse.","robots":{"index":"index","follow":"follow","max-snippet":"max-snippet:-1","max-image-preview":"max-image-preview:large","max-video-preview":"max-video-preview:-1"},"canonical":"https:\/\/durabilitas.ch\/fr\/faire-un-don\/","og_locale":"fr_FR","og_type":"article","og_title":"Votre don pour une Suisse durable - Durabilitas","og_description":"Engagez-vous avec nous pour l\u2019\u00e9conomie circulaire, la sant\u00e9 des sols et la transition juste en Suisse.","og_url":"https:\/\/durabilitas.ch\/fr\/faire-un-don\/","og_site_name":"Durabilitas","article_modified_time":"2025-07-21T09:52:33+00:00","twitter_card":"summary_large_image","schema":{"@context":"https:\/\/schema.org","@graph":[{"@type":"WebPage","@id":"https:\/\/durabilitas.ch\/fr\/faire-un-don\/","url":"https:\/\/durabilitas.ch\/fr\/faire-un-don\/","name":"Votre don pour une Suisse durable - Durabilitas","isPartOf":{"@id":"https:\/\/durabilitas.ch\/fr\/#website"},"datePublished":"2025-03-12T16:04:10+00:00","dateModified":"2025-07-21T09:52:33+00:00","description":"Engagez-vous avec nous pour l\u2019\u00e9conomie circulaire, la sant\u00e9 des sols et la transition juste en Suisse.","breadcrumb":{"@id":"https:\/\/durabilitas.ch\/fr\/faire-un-don\/#breadcrumb"},"inLanguage":"fr-FR","potentialAction":[{"@type":"ReadAction","target":["https:\/\/durabilitas.ch\/fr\/faire-un-don\/"]}]},{"@type":"BreadcrumbList","@id":"https:\/\/durabilitas.ch\/fr\/faire-un-don\/#breadcrumb","itemListElement":[{"@type":"ListItem","position":1,"name":"Home","item":"https:\/\/durabilitas.ch\/fr\/"},{"@type":"ListItem","position":2,"name":"Faire un don"}]},{"@type":"WebSite","@id":"https:\/\/durabilitas.ch\/fr\/#website","url":"https:\/\/durabilitas.ch\/fr\/","name":"Durabilitas","description":"","potentialAction":[{"@type":"SearchAction","target":{"@type":"EntryPoint","urlTemplate":"https:\/\/durabilitas.ch\/fr\/?s={search_term_string}"},"query-input":{"@type":"PropertyValueSpecification","valueRequired":true,"valueName":"search_term_string"}}],"inLanguage":"fr-FR"}]}},"_links":{"self":[{"href":"https:\/\/durabilitas.ch\/fr\/wp-json\/wp\/v2\/pages\/5101","targetHints":{"allow":["GET"]}}],"collection":[{"href":"https:\/\/durabilitas.ch\/fr\/wp-json\/wp\/v2\/pages"}],"about":[{"href":"https:\/\/durabilitas.ch\/fr\/wp-json\/wp\/v2\/types\/page"}],"author":[{"embeddable":true,"href":"https:\/\/durabilitas.ch\/fr\/wp-json\/wp\/v2\/users\/1"}],"replies":[{"embeddable":true,"href":"https:\/\/durabilitas.ch\/fr\/wp-json\/wp\/v2\/comments?post=5101"}],"version-history":[{"count":1,"href":"https:\/\/durabilitas.ch\/fr\/wp-json\/wp\/v2\/pages\/5101\/revisions"}],"predecessor-version":[{"id":5102,"href":"https:\/\/durabilitas.ch\/fr\/wp-json\/wp\/v2\/pages\/5101\/revisions\/5102"}],"wp:attachment":[{"href":"https:\/\/durabilitas.ch\/fr\/wp-json\/wp\/v2\/media?parent=5101"}],"curies":[{"name":"wp","href":"https:\/\/api.w.org\/{rel}","templated":true}]}}

<header id="header-block_185217181bc37f837bd6fbc9209ccd73" class="page-header has-no-image has-spacing--default">

    
    <div class="page-header__content has-no-image">

        <div class="page-header__inner">

            <div class="page-header__title">

<h1 class="wp-block-heading is-style--kicker">Faire un don</h1>



<h2 class="wp-block-heading"><strong>Votre don pour une Suisse durable</strong></h2>



<p class="page-header__text">Engagez-vous avec nous pour l&rsquo;économie circulaire, la santé des sols et la transition juste en Suisse. Nous sommes une organisation à but non lucratif autorisée à délivrer des attestations de dons. Votre don est ainsi déductible de vos impôts.&nbsp;</p>

</div>
        </div>

        
        
    </div><!-- .page-header__content -->


    
</header>




<div id="donate-block_79ca667354b275cf25c3774ef9dd10f9" class="donate-block">
    <iframe id="tamaro-iframe-pgmdj" allow="payment" src=https://donate.raisenow.io/pgmdj?analytics.channel=embed style="width: 100%; max-width: 580px; background: white; border: none;"></iframe>
    <script>
    window.addEventListener(
        'message',
        e => {
        const iframe = document.getElementById('tamaro-iframe-pgmdj')
        if (iframe && e.origin === 'https://donate.raisenow.io') {
            iframe.style.height = e.data.height + 'px'
        }
        }
    )
    </script>
</div>


<div id="testimonial-slider-block_b0d2e7646c6ecb42116b3b29b4ba28e5" class="testimonial-slider splide has-spacing--default" role="group" aria-label="Testimonial-Slider">

     
        <h3 class="wp-block-heading is-style--kicker">Ce que disent nos partenaires</h3>
    
    <div class="splide__navigation navi--top">

        <div class="splide__arrows">

            <button class="splide__arrow splide__arrow--prev image-slider__arrow splide__arrow--reverse">
                <img decoding="async" src="https://durabilitas.ch/wp-content/themes/durabilitas-theme/assets/img/icons/icon-arrow-left.svg" alt="Previous Slide">
            </button>

            <button class="splide__arrow splide__arrow--next image-slider__arrow splide__arrow--reverse">
                <img decoding="async" src="https://durabilitas.ch/wp-content/themes/durabilitas-theme/assets/img/icons/icon-arrow-left.svg" alt="Next Slide">
            </button>
        </div><!-- .splide__arrows -->

    </div><!-- .splide__navigation -->  

    <div class="splide__track">
        <div class="splide__list">

            
                <div class="testimonial-slide splide__slide">

                    
                        <figure class="testimonial-slide__image">
                            <img loading="lazy" decoding="async" width="430" height="430" src="https://durabilitas.ch/wp-content/uploads/2025/03/C.Meier-Bild-430x430.jpg" class="attachment-testimonial-slider-image size-testimonial-slider-image" alt="" srcset="https://durabilitas.ch/wp-content/uploads/2025/03/C.Meier-Bild-430x430.jpg 430w, https://durabilitas.ch/wp-content/uploads/2025/03/C.Meier-Bild-150x150.jpg 150w" sizes="auto, (max-width: 430px) 100vw, 430px" />                        </figure>

                    
                    <div class="testimonial-slide__content">
                        
                        <blockquote>
                            <p class="testimonial-slide__quote">
                                « Ce qui m’a le plus impressionnée, c’est le professionnalisme dont l’équipe fait preuve en travaillant sur la base des standards scientifiques les plus exigeants, ouvrant ainsi la voie à des progrès vers plus de durabilité. Merci beaucoup pour cette coopération orientée vers l’avenir ! »                            </p>
                            <cite>Claudia Meier, Co-Creative Director Svizra27</cite>
                        </blockquote>

                    </div>

                </div><!-- .testimonial-slide -->

            
        </div><!-- .splide__list -->
    </div><!-- .splide__track -->

  

</div><!-- .testimonial-slider -->

<!-- This site is optimized with the Yoast SEO plugin v27.3 - https://yoast.com/product/yoast-seo-wordpress/ -->
<title>Votre don pour une Suisse durable - Durabilitas</title>
<meta name="description" content="Engagez-vous avec nous pour l’économie circulaire, la santé des sols et la transition juste en Suisse." />
<meta name="robots" content="index, follow, max-snippet:-1, max-image-preview:large, max-video-preview:-1" />
<link rel="canonical" href="https://durabilitas.ch/fr/faire-un-don/" />
<meta property="og:locale" content="fr_FR" />
<meta property="og:type" content="article" />
<meta property="og:title" content="Votre don pour une Suisse durable - Durabilitas" />
<meta property="og:description" content="Engagez-vous avec nous pour l’économie circulaire, la santé des sols et la transition juste en Suisse." />
<meta property="og:url" content="https://durabilitas.ch/fr/faire-un-don/" />
<meta property="og:site_name" content="Durabilitas" />
<meta property="article:modified_time" content="2025-07-21T09:52:33+00:00" />
<meta name="twitter:card" content="summary_large_image" />
<script type="application/ld+json" class="yoast-schema-graph">{"@context":"https:\/\/schema.org","@graph":[{"@type":"WebPage","@id":"https:\/\/durabilitas.ch\/fr\/faire-un-don\/","url":"https:\/\/durabilitas.ch\/fr\/faire-un-don\/","name":"Votre don pour une Suisse durable - Durabilitas","isPartOf":{"@id":"https:\/\/durabilitas.ch\/fr\/#website"},"datePublished":"2025-03-12T16:04:10+00:00","dateModified":"2025-07-21T09:52:33+00:00","description":"Engagez-vous avec nous pour l’économie circulaire, la santé des sols et la transition juste en Suisse.","breadcrumb":{"@id":"https:\/\/durabilitas.ch\/fr\/faire-un-don\/#breadcrumb"},"inLanguage":"fr-FR","potentialAction":[{"@type":"ReadAction","target":["https:\/\/durabilitas.ch\/fr\/faire-un-don\/"]}]},{"@type":"BreadcrumbList","@id":"https:\/\/durabilitas.ch\/fr\/faire-un-don\/#breadcrumb","itemListElement":[{"@type":"ListItem","position":1,"name":"Home","item":"https:\/\/durabilitas.ch\/fr\/"},{"@type":"ListItem","position":2,"name":"Faire un don"}]},{"@type":"WebSite","@id":"https:\/\/durabilitas.ch\/fr\/#website","url":"https:\/\/durabilitas.ch\/fr\/","name":"Durabilitas","description":"","potentialAction":[{"@type":"SearchAction","target":{"@type":"EntryPoint","urlTemplate":"https:\/\/durabilitas.ch\/fr\/?s={search_term_string}"},"query-input":{"@type":"PropertyValueSpecification","valueRequired":true,"valueName":"search_term_string"}}],"inLanguage":"fr-FR"}]}</script>
<!-- / Yoast SEO plugin. -->

Engagez-vous avec nous pour l’économie circulaire, la santé des sols et la transition juste en Suisse.
